{"id":190,"date":"2023-10-23T10:05:36","date_gmt":"2023-10-23T08:05:36","guid":{"rendered":"https:\/\/apccg.fr\/?page_id=190"},"modified":"2024-06-05T23:38:23","modified_gmt":"2024-06-05T21:38:23","slug":"sorties-mycologiques","status":"publish","type":"page","link":"https:\/\/apccg.fr\/?page_id=190","title":{"rendered":"Sorties mycologiques"},"content":{"rendered":"\n<p><\/p>\n\n\n\n<h1 class=\"wp-block-heading alignfull\"><strong><a href=\"https:\/\/apccg.fr\/?page_id=174\" data-type=\"page\" data-id=\"174\">A venir : voir programme d&#8217;activit\u00e9s<\/a><\/strong><\/h1>\n\n\n\n<h2 class=\"wp-block-heading has-light-green-cyan-background-color has-background\">25 NOVEMBRE 2023 \u00e0 BELIN-BELIET<\/h2>\n\n\n\n<p> Th\u00e8me de la sortie organis\u00e9e avec la la section mycologique de la Lin\u00e9enne de Bordeaux : \u2018<strong>\u2019 Les Champignons sur les zones incendi\u00e9es \u2019\u2019<\/strong><\/p>\n\n\n\n<figure class=\"wp-block-gallery has-nested-images columns-default is-cropped wp-block-gallery-1 is-layout-flex wp-block-gallery-is-layout-flex\">\n<figure class=\"wp-block-image size-large\"><img decoding=\"async\" data-id=\"616\" data-src=\"https:\/\/apccg.fr\/wp-content\/uploads\/2023\/12\/IMG_20231125_105010821.jpg\" alt=\"\" class=\"wp-image-616 lazyload\" src=\"data:image\/gif;base64,R0lGODlhAQABAAAAACH5BAEKAAEALAAAAAABAAEAAAICTAEAOw==\" style=\"--smush-placeholder-width: 8000px; --smush-placeholder-aspect-ratio: 8000\/6000;\" \/><noscript><img decoding=\"async\" data-id=\"616\" src=\"https:\/\/apccg.fr\/wp-content\/uploads\/2023\/12\/IMG_20231125_105010821.jpg\" alt=\"\" class=\"wp-image-616\"\/><\/noscript><\/figure>\n<\/figure>\n\n\n\n<p><strong>9h00 Accueil &#8211; salle Jean Paul Fabre<\/strong> 13 rue de l&#8217;Abb\u00e9 Gaillard -33830 Belin-Beliet<br><strong>09h30 D\u00e9part sur le site de r\u00e9colte<\/strong><br><strong>11h30&nbsp;Retour&nbsp; salle Jean Paul Fabre <\/strong>(tri et identification des esp\u00e8ces r\u00e9colt\u00e9es)<\/p>\n\n\n\n<p>53 esp\u00e8ces d\u00e9termin\u00e9es par Brigitte VIGNOT et Bertrand LARTIGUE<\/p>\n\n\n\n<figure class=\"wp-block-image size-large\"><img loading=\"lazy\" decoding=\"async\" width=\"768\" height=\"1024\" data-src=\"https:\/\/apccg.fr\/wp-content\/uploads\/2023\/12\/belin-061-768x1024.jpg\" alt=\"\" class=\"wp-image-617 lazyload\" data-srcset=\"https:\/\/apccg.fr\/wp-content\/uploads\/2023\/12\/belin-061-768x1024.jpg 768w, https:\/\/apccg.fr\/wp-content\/uploads\/2023\/12\/belin-061-225x300.jpg 225w, https:\/\/apccg.fr\/wp-content\/uploads\/2023\/12\/belin-061-1152x1536.jpg 1152w, https:\/\/apccg.fr\/wp-content\/uploads\/2023\/12\/belin-061-1536x2048.jpg 1536w, https:\/\/apccg.fr\/wp-content\/uploads\/2023\/12\/belin-061-1024x1365.jpg 1024w, https:\/\/apccg.fr\/wp-content\/uploads\/2023\/12\/belin-061-810x1080.jpg 810w, https:\/\/apccg.fr\/wp-content\/uploads\/2023\/12\/belin-061-scaled.jpg 1920w\" data-sizes=\"auto, (max-width: 768px) 100vw, 768px\" src=\"data:image\/gif;base64,R0lGODlhAQABAAAAACH5BAEKAAEALAAAAAABAAEAAAICTAEAOw==\" style=\"--smush-placeholder-width: 768px; --smush-placeholder-aspect-ratio: 768\/1024;\" \/><noscript><img loading=\"lazy\" decoding=\"async\" width=\"768\" height=\"1024\" src=\"https:\/\/apccg.fr\/wp-content\/uploads\/2023\/12\/belin-061-768x1024.jpg\" alt=\"\" class=\"wp-image-617\" srcset=\"https:\/\/apccg.fr\/wp-content\/uploads\/2023\/12\/belin-061-768x1024.jpg 768w, https:\/\/apccg.fr\/wp-content\/uploads\/2023\/12\/belin-061-225x300.jpg 225w, https:\/\/apccg.fr\/wp-content\/uploads\/2023\/12\/belin-061-1152x1536.jpg 1152w, https:\/\/apccg.fr\/wp-content\/uploads\/2023\/12\/belin-061-1536x2048.jpg 1536w, https:\/\/apccg.fr\/wp-content\/uploads\/2023\/12\/belin-061-1024x1365.jpg 1024w, https:\/\/apccg.fr\/wp-content\/uploads\/2023\/12\/belin-061-810x1080.jpg 810w, https:\/\/apccg.fr\/wp-content\/uploads\/2023\/12\/belin-061-scaled.jpg 1920w\" sizes=\"auto, (max-width: 768px) 100vw, 768px\" \/><\/noscript><\/figure>\n\n\n\n<div data-wp-interactive=\"core\/file\" class=\"wp-block-file\"><object data-wp-bind--hidden=\"!state.hasPdfPreview\" hidden class=\"wp-block-file__embed\" data=\"https:\/\/apccg.fr\/wp-content\/uploads\/2023\/12\/2023-1125-Liste-especes-Lineenne.pdf\" type=\"application\/pdf\" style=\"width:100%;height:600px\" aria-label=\"Contenu embarqu\u00e9 2023-1125-Liste-especes-Lineenne.\"><\/object><a id=\"wp-block-file--media-4de25a9c-7bee-4cb0-9acd-8edcb6846dd6\" href=\"https:\/\/apccg.fr\/wp-content\/uploads\/2023\/12\/2023-1125-Liste-especes-Lineenne.pdf\">2023-1125-Liste-especes-Lineenne<\/a><a href=\"https:\/\/apccg.fr\/wp-content\/uploads\/2023\/12\/2023-1125-Liste-especes-Lineenne.pdf\" class=\"wp-block-file__button wp-element-button\" download aria-describedby=\"wp-block-file--media-4de25a9c-7bee-4cb0-9acd-8edcb6846dd6\">T\u00e9l\u00e9charger<\/a><\/div>\n\n\n\n<p><br><strong>15h00 Assembl\u00e9e G\u00e9n\u00e9rale<\/strong> <\/p>\n\n\n\n<div data-wp-interactive=\"core\/file\" class=\"wp-block-file\"><object data-wp-bind--hidden=\"!state.hasPdfPreview\" hidden class=\"wp-block-file__embed\" data=\"https:\/\/apccg.fr\/wp-content\/uploads\/2023\/12\/CR-Technique-2022-2023.pdf\" type=\"application\/pdf\" style=\"width:100%;height:600px\" aria-label=\"Contenu embarqu\u00e9 CR-Technique-2022-2023.\"><\/object><a id=\"wp-block-file--media-0ac9946b-e146-46d9-8a94-51c61c64b450\" href=\"https:\/\/apccg.fr\/wp-content\/uploads\/2023\/12\/CR-Technique-2022-2023.pdf\">CR-Technique-2022-2023<\/a><a href=\"https:\/\/apccg.fr\/wp-content\/uploads\/2023\/12\/CR-Technique-2022-2023.pdf\" class=\"wp-block-file__button wp-element-button\" download aria-describedby=\"wp-block-file--media-0ac9946b-e146-46d9-8a94-51c61c64b450\">T\u00e9l\u00e9charger<\/a><\/div>\n\n\n\n<h1 class=\"wp-block-heading alignfull has-vivid-green-cyan-background-color has-background\"><strong>2022<\/strong><\/h1>\n\n\n\n<h2 class=\"wp-block-heading alignwide has-light-green-cyan-background-color has-background\"> <strong>Le Barp<\/strong> <strong>26 novembre 2022 <\/strong><\/h2>\n\n\n\n<p><strong>9h30 <\/strong>Rendez-vous le matin.<br>D\u00e9part en voiture dans les bois de Fran\u00e7ois SAUGNAC, sylviculteur au Barp (Bouleaux, Pin taeda, Pin laricio, Ch\u00eane, Ch\u00e2taignier, Robinier, Eucalyptus). Encadrement par les mycologues de la <strong>St\u00e9 Linn\u00e9enne.<\/strong> <br>M\u00e9t\u00e9o&nbsp;: soleil<\/p>\n\n\n\n<p><strong>12 h&nbsp;:<\/strong> Retour \u00e0 la salle, mise en place de l\u2019exposition des champignons trouv\u00e9s le matin.<\/p>\n\n\n\n<figure class=\"wp-block-image size-large\"><img loading=\"lazy\" decoding=\"async\" width=\"1024\" height=\"708\" data-src=\"https:\/\/apccg.fr\/wp-content\/uploads\/2023\/10\/2022-1126-LEbarp-Marie-Jose-BIA-Photo-rognee-1024x708.jpg\" alt=\"\" class=\"wp-image-191 lazyload\" data-srcset=\"https:\/\/apccg.fr\/wp-content\/uploads\/2023\/10\/2022-1126-LEbarp-Marie-Jose-BIA-Photo-rognee-1024x708.jpg 1024w, https:\/\/apccg.fr\/wp-content\/uploads\/2023\/10\/2022-1126-LEbarp-Marie-Jose-BIA-Photo-rognee-300x207.jpg 300w, https:\/\/apccg.fr\/wp-content\/uploads\/2023\/10\/2022-1126-LEbarp-Marie-Jose-BIA-Photo-rognee-768x531.jpg 768w, https:\/\/apccg.fr\/wp-content\/uploads\/2023\/10\/2022-1126-LEbarp-Marie-Jose-BIA-Photo-rognee-1536x1062.jpg 1536w, https:\/\/apccg.fr\/wp-content\/uploads\/2023\/10\/2022-1126-LEbarp-Marie-Jose-BIA-Photo-rognee-2048x1416.jpg 2048w, https:\/\/apccg.fr\/wp-content\/uploads\/2023\/10\/2022-1126-LEbarp-Marie-Jose-BIA-Photo-rognee-1568x1084.jpg 1568w\" data-sizes=\"auto, (max-width: 1024px) 100vw, 1024px\" src=\"data:image\/gif;base64,R0lGODlhAQABAAAAACH5BAEKAAEALAAAAAABAAEAAAICTAEAOw==\" style=\"--smush-placeholder-width: 1024px; --smush-placeholder-aspect-ratio: 1024\/708;\" \/><noscript><img loading=\"lazy\" decoding=\"async\" width=\"1024\" height=\"708\" src=\"https:\/\/apccg.fr\/wp-content\/uploads\/2023\/10\/2022-1126-LEbarp-Marie-Jose-BIA-Photo-rognee-1024x708.jpg\" alt=\"\" class=\"wp-image-191\" srcset=\"https:\/\/apccg.fr\/wp-content\/uploads\/2023\/10\/2022-1126-LEbarp-Marie-Jose-BIA-Photo-rognee-1024x708.jpg 1024w, https:\/\/apccg.fr\/wp-content\/uploads\/2023\/10\/2022-1126-LEbarp-Marie-Jose-BIA-Photo-rognee-300x207.jpg 300w, https:\/\/apccg.fr\/wp-content\/uploads\/2023\/10\/2022-1126-LEbarp-Marie-Jose-BIA-Photo-rognee-768x531.jpg 768w, https:\/\/apccg.fr\/wp-content\/uploads\/2023\/10\/2022-1126-LEbarp-Marie-Jose-BIA-Photo-rognee-1536x1062.jpg 1536w, https:\/\/apccg.fr\/wp-content\/uploads\/2023\/10\/2022-1126-LEbarp-Marie-Jose-BIA-Photo-rognee-2048x1416.jpg 2048w, https:\/\/apccg.fr\/wp-content\/uploads\/2023\/10\/2022-1126-LEbarp-Marie-Jose-BIA-Photo-rognee-1568x1084.jpg 1568w\" sizes=\"auto, (max-width: 1024px) 100vw, 1024px\" \/><\/noscript><\/figure>\n\n\n\n<p><strong>14 h 30<\/strong> Expos\u00e9 de Brigitte et de Bertrand de la St\u00e9 Linn\u00e9enne sur les champignons ramass\u00e9s le matin.<\/p>\n\n\n\n<figure class=\"wp-block-image size-large\"><img loading=\"lazy\" decoding=\"async\" width=\"768\" height=\"1024\" data-src=\"https:\/\/apccg.fr\/wp-content\/uploads\/2023\/10\/lebarp-017-768x1024.jpg\" alt=\"\" class=\"wp-image-223 lazyload\" data-srcset=\"https:\/\/apccg.fr\/wp-content\/uploads\/2023\/10\/lebarp-017-768x1024.jpg 768w, https:\/\/apccg.fr\/wp-content\/uploads\/2023\/10\/lebarp-017-225x300.jpg 225w, https:\/\/apccg.fr\/wp-content\/uploads\/2023\/10\/lebarp-017-1152x1536.jpg 1152w, https:\/\/apccg.fr\/wp-content\/uploads\/2023\/10\/lebarp-017-1536x2048.jpg 1536w, https:\/\/apccg.fr\/wp-content\/uploads\/2023\/10\/lebarp-017-1568x2091.jpg 1568w, https:\/\/apccg.fr\/wp-content\/uploads\/2023\/10\/lebarp-017-scaled.jpg 1920w\" data-sizes=\"auto, (max-width: 768px) 100vw, 768px\" src=\"data:image\/gif;base64,R0lGODlhAQABAAAAACH5BAEKAAEALAAAAAABAAEAAAICTAEAOw==\" style=\"--smush-placeholder-width: 768px; --smush-placeholder-aspect-ratio: 768\/1024;\" \/><noscript><img loading=\"lazy\" decoding=\"async\" width=\"768\" height=\"1024\" src=\"https:\/\/apccg.fr\/wp-content\/uploads\/2023\/10\/lebarp-017-768x1024.jpg\" alt=\"\" class=\"wp-image-223\" srcset=\"https:\/\/apccg.fr\/wp-content\/uploads\/2023\/10\/lebarp-017-768x1024.jpg 768w, https:\/\/apccg.fr\/wp-content\/uploads\/2023\/10\/lebarp-017-225x300.jpg 225w, https:\/\/apccg.fr\/wp-content\/uploads\/2023\/10\/lebarp-017-1152x1536.jpg 1152w, https:\/\/apccg.fr\/wp-content\/uploads\/2023\/10\/lebarp-017-1536x2048.jpg 1536w, https:\/\/apccg.fr\/wp-content\/uploads\/2023\/10\/lebarp-017-1568x2091.jpg 1568w, https:\/\/apccg.fr\/wp-content\/uploads\/2023\/10\/lebarp-017-scaled.jpg 1920w\" sizes=\"auto, (max-width: 768px) 100vw, 768px\" \/><\/noscript><\/figure>\n\n\n\n<p><\/p>\n\n\n\n<h2 class=\"wp-block-heading has-vivid-purple-background-color has-background\">Naujac 22 octobre 2022<\/h2>\n\n\n\n<p><strong>9h30 Rendez-vous&nbsp;: Animalia Parc, <\/strong>15 rue de la Bruy\u00e8re,<strong> Naujac.<\/strong><\/p>\n\n\n\n<figure class=\"wp-block-image size-large\"><img loading=\"lazy\" decoding=\"async\" width=\"1024\" height=\"576\" data-src=\"https:\/\/apccg.fr\/wp-content\/uploads\/2023\/10\/20221022_121822-1024x576.jpg\" alt=\"\" class=\"wp-image-289 lazyload\" data-srcset=\"https:\/\/apccg.fr\/wp-content\/uploads\/2023\/10\/20221022_121822-1024x576.jpg 1024w, https:\/\/apccg.fr\/wp-content\/uploads\/2023\/10\/20221022_121822-300x169.jpg 300w, https:\/\/apccg.fr\/wp-content\/uploads\/2023\/10\/20221022_121822-768x432.jpg 768w, https:\/\/apccg.fr\/wp-content\/uploads\/2023\/10\/20221022_121822-1536x864.jpg 1536w, https:\/\/apccg.fr\/wp-content\/uploads\/2023\/10\/20221022_121822-2048x1152.jpg 2048w, https:\/\/apccg.fr\/wp-content\/uploads\/2023\/10\/20221022_121822-1568x882.jpg 1568w\" data-sizes=\"auto, (max-width: 1024px) 100vw, 1024px\" src=\"data:image\/gif;base64,R0lGODlhAQABAAAAACH5BAEKAAEALAAAAAABAAEAAAICTAEAOw==\" style=\"--smush-placeholder-width: 1024px; --smush-placeholder-aspect-ratio: 1024\/576;\" \/><noscript><img loading=\"lazy\" decoding=\"async\" width=\"1024\" height=\"576\" src=\"https:\/\/apccg.fr\/wp-content\/uploads\/2023\/10\/20221022_121822-1024x576.jpg\" alt=\"\" class=\"wp-image-289\" srcset=\"https:\/\/apccg.fr\/wp-content\/uploads\/2023\/10\/20221022_121822-1024x576.jpg 1024w, https:\/\/apccg.fr\/wp-content\/uploads\/2023\/10\/20221022_121822-300x169.jpg 300w, https:\/\/apccg.fr\/wp-content\/uploads\/2023\/10\/20221022_121822-768x432.jpg 768w, https:\/\/apccg.fr\/wp-content\/uploads\/2023\/10\/20221022_121822-1536x864.jpg 1536w, https:\/\/apccg.fr\/wp-content\/uploads\/2023\/10\/20221022_121822-2048x1152.jpg 2048w, https:\/\/apccg.fr\/wp-content\/uploads\/2023\/10\/20221022_121822-1568x882.jpg 1568w\" sizes=\"auto, (max-width: 1024px) 100vw, 1024px\" \/><\/noscript><\/figure>\n\n\n\n<p><strong>9h50-12h&nbsp;:<\/strong> D\u00e9part en voiture dans les bois \u00e0 proximit\u00e9. Sortie encadr\u00e9e par Aur\u00e9lie SANCHEZ, experte dipl\u00f4m\u00e9e en mycologie.<\/p>\n\n\n\n<p><strong>12-13h&nbsp;:<\/strong> Retour \u00e0 Animalia, mise en place de l\u2019exposition des champignons trouv\u00e9s le matin.<\/p>\n\n\n\n<p><strong>13-15h<\/strong> D\u00e9jeuner dans le pavillon de chasse au prix de 25\u20ac. <br>Le pique-nique sur place n&#8217;est pas autoris\u00e9.<\/p>\n\n\n\n<p>Apr\u00e8s le repas, retour \u00e0 la salle d\u2019exposition ou visite du parc offerte par l\u2019association DHMV dont quelques adh\u00e9rents qui participent aussi. <a href=\"https:\/\/photos.app.goo.gl\/2Hej4VQKTTBs2waF9\" data-type=\"link\" data-id=\"https:\/\/photos.app.goo.gl\/NgKbiVDisFxdrT26A\">Lien photos Naujac<\/a><\/p>\n\n\n\n<figure class=\"wp-block-image size-large\"><img loading=\"lazy\" decoding=\"async\" width=\"1024\" height=\"576\" data-src=\"https:\/\/apccg.fr\/wp-content\/uploads\/2023\/10\/20221022_133825-1-1024x576.jpg\" alt=\"\" class=\"wp-image-290 lazyload\" data-srcset=\"https:\/\/apccg.fr\/wp-content\/uploads\/2023\/10\/20221022_133825-1-1024x576.jpg 1024w, https:\/\/apccg.fr\/wp-content\/uploads\/2023\/10\/20221022_133825-1-300x169.jpg 300w, https:\/\/apccg.fr\/wp-content\/uploads\/2023\/10\/20221022_133825-1-768x432.jpg 768w, https:\/\/apccg.fr\/wp-content\/uploads\/2023\/10\/20221022_133825-1-1536x864.jpg 1536w, https:\/\/apccg.fr\/wp-content\/uploads\/2023\/10\/20221022_133825-1-2048x1152.jpg 2048w, https:\/\/apccg.fr\/wp-content\/uploads\/2023\/10\/20221022_133825-1-1568x882.jpg 1568w\" data-sizes=\"auto, (max-width: 1024px) 100vw, 1024px\" src=\"data:image\/gif;base64,R0lGODlhAQABAAAAACH5BAEKAAEALAAAAAABAAEAAAICTAEAOw==\" style=\"--smush-placeholder-width: 1024px; --smush-placeholder-aspect-ratio: 1024\/576;\" \/><noscript><img loading=\"lazy\" decoding=\"async\" width=\"1024\" height=\"576\" src=\"https:\/\/apccg.fr\/wp-content\/uploads\/2023\/10\/20221022_133825-1-1024x576.jpg\" alt=\"\" class=\"wp-image-290\" srcset=\"https:\/\/apccg.fr\/wp-content\/uploads\/2023\/10\/20221022_133825-1-1024x576.jpg 1024w, https:\/\/apccg.fr\/wp-content\/uploads\/2023\/10\/20221022_133825-1-300x169.jpg 300w, https:\/\/apccg.fr\/wp-content\/uploads\/2023\/10\/20221022_133825-1-768x432.jpg 768w, https:\/\/apccg.fr\/wp-content\/uploads\/2023\/10\/20221022_133825-1-1536x864.jpg 1536w, https:\/\/apccg.fr\/wp-content\/uploads\/2023\/10\/20221022_133825-1-2048x1152.jpg 2048w, https:\/\/apccg.fr\/wp-content\/uploads\/2023\/10\/20221022_133825-1-1568x882.jpg 1568w\" sizes=\"auto, (max-width: 1024px) 100vw, 1024px\" \/><\/noscript><\/figure>\n\n\n\n<p><strong>16-17h30&nbsp;: AG de l\u2019APCCG<\/strong><\/p>\n\n\n\n<h2 class=\"wp-block-heading alignwide has-luminous-vivid-orange-background-color has-background\">Mios 15 octobre 2022<\/h2>\n\n\n\n<p><strong>9h 30 Rendez-vous&nbsp;: Salle du Conseil Municipal de Mios.<\/strong> 2 all\u00e9e de la plage. <\/p>\n\n\n\n<p><strong>10 h<\/strong> D\u00e9part \u00e0 pied. Nous gagnerons la zone de recherche situ\u00e9e au bord de la Leyre.<\/p>\n\n\n\n<figure class=\"wp-block-image size-large\"><img loading=\"lazy\" decoding=\"async\" width=\"1024\" height=\"576\" data-src=\"https:\/\/apccg.fr\/wp-content\/uploads\/2023\/10\/20221015_103626-1024x576.jpg\" alt=\"\" class=\"wp-image-288 lazyload\" data-srcset=\"https:\/\/apccg.fr\/wp-content\/uploads\/2023\/10\/20221015_103626-1024x576.jpg 1024w, https:\/\/apccg.fr\/wp-content\/uploads\/2023\/10\/20221015_103626-300x169.jpg 300w, https:\/\/apccg.fr\/wp-content\/uploads\/2023\/10\/20221015_103626-768x432.jpg 768w, https:\/\/apccg.fr\/wp-content\/uploads\/2023\/10\/20221015_103626-1536x864.jpg 1536w, https:\/\/apccg.fr\/wp-content\/uploads\/2023\/10\/20221015_103626-2048x1153.jpg 2048w, https:\/\/apccg.fr\/wp-content\/uploads\/2023\/10\/20221015_103626-1568x882.jpg 1568w\" data-sizes=\"auto, (max-width: 1024px) 100vw, 1024px\" src=\"data:image\/gif;base64,R0lGODlhAQABAAAAACH5BAEKAAEALAAAAAABAAEAAAICTAEAOw==\" style=\"--smush-placeholder-width: 1024px; --smush-placeholder-aspect-ratio: 1024\/576;\" \/><noscript><img loading=\"lazy\" decoding=\"async\" width=\"1024\" height=\"576\" src=\"https:\/\/apccg.fr\/wp-content\/uploads\/2023\/10\/20221015_103626-1024x576.jpg\" alt=\"\" class=\"wp-image-288\" srcset=\"https:\/\/apccg.fr\/wp-content\/uploads\/2023\/10\/20221015_103626-1024x576.jpg 1024w, https:\/\/apccg.fr\/wp-content\/uploads\/2023\/10\/20221015_103626-300x169.jpg 300w, https:\/\/apccg.fr\/wp-content\/uploads\/2023\/10\/20221015_103626-768x432.jpg 768w, https:\/\/apccg.fr\/wp-content\/uploads\/2023\/10\/20221015_103626-1536x864.jpg 1536w, https:\/\/apccg.fr\/wp-content\/uploads\/2023\/10\/20221015_103626-2048x1153.jpg 2048w, https:\/\/apccg.fr\/wp-content\/uploads\/2023\/10\/20221015_103626-1568x882.jpg 1568w\" sizes=\"auto, (max-width: 1024px) 100vw, 1024px\" \/><\/noscript><\/figure>\n\n\n\n<p><strong>11h 30 \u00e0 12h 30<\/strong> Mise en place de l\u2019exposition des champignons trouv\u00e9s le matin.<\/p>\n\n\n\n<p><\/p>\n\n\n\n<p>Apr\u00e8s le repas, retour \u00e0 la salle d\u2019exposition.<\/p>\n\n\n\n<p><a href=\"https:\/\/photos.app.goo.gl\/SdJfJKtkrLUpDgrc9\">Lien photos<\/a><\/p>\n\n\n\n<h2 class=\"wp-block-heading\"><\/h2>\n","protected":false},"excerpt":{"rendered":"<p>A venir : voir programme d&#8217;activit\u00e9s 25 NOVEMBRE 2023 \u00e0 BELIN-BELIET Th\u00e8me de la sortie organis\u00e9e avec la la section mycologique de la Lin\u00e9enne de Bordeaux : \u2018\u2019 Les Champignons sur les zones incendi\u00e9es \u2019\u2019 9h00 Accueil &#8211; salle Jean Paul Fabre 13 rue de l&#8217;Abb\u00e9 Gaillard -33830 Belin-Beliet09h30 D\u00e9part sur le site de r\u00e9colte11h30&nbsp;Retour&nbsp;&hellip; <br \/> <a class=\"button small blue\" href=\"https:\/\/apccg.fr\/?page_id=190\">Lire la suite<\/a><\/p>\n","protected":false},"author":3,"featured_media":0,"parent":0,"menu_order":0,"comment_status":"closed","ping_status":"closed","template":"","meta":{"footnotes":""},"class_list":["post-190","page","type-page","status-publish","hentry"],"_links":{"self":[{"href":"https:\/\/apccg.fr\/index.php?rest_route=\/wp\/v2\/pages\/190","targetHints":{"allow":["GET"]}}],"collection":[{"href":"https:\/\/apccg.fr\/index.php?rest_route=\/wp\/v2\/pages"}],"about":[{"href":"https:\/\/apccg.fr\/index.php?rest_route=\/wp\/v2\/types\/page"}],"author":[{"embeddable":true,"href":"https:\/\/apccg.fr\/index.php?rest_route=\/wp\/v2\/users\/3"}],"replies":[{"embeddable":true,"href":"https:\/\/apccg.fr\/index.php?rest_route=%2Fwp%2Fv2%2Fcomments&post=190"}],"version-history":[{"count":12,"href":"https:\/\/apccg.fr\/index.php?rest_route=\/wp\/v2\/pages\/190\/revisions"}],"predecessor-version":[{"id":945,"href":"https:\/\/apccg.fr\/index.php?rest_route=\/wp\/v2\/pages\/190\/revisions\/945"}],"wp:attachment":[{"href":"https:\/\/apccg.fr\/index.php?rest_route=%2Fwp%2Fv2%2Fmedia&parent=190"}],"curies":[{"name":"wp","href":"https:\/\/api.w.org\/{rel}","templated":true}]}}